ltiple of 21?
True
Is 26781 a multiple of 79?
True
Does 114 divide 2964?
True
Is 23671 a multiple of 53?
False
Is 1528 a multiple of 3?
False
Is 10 a factor of 3068?
False
Does 15 divide 139?
False
Is 765 a multiple of 51?
True
Does 12 divide 3180?
True
Is 123859 a multiple of 36?
False
Is 616 a multiple of 23?
False
Does 3 divide 83?
False
Is 519 a multiple of 12?
False
Is 156 a multiple of 13?
True
Is 4375 a multiple of 125?
True
Does 11 divide 1265?
True
Is 8 a factor of 11184?
True
Is 12 a factor of 7775?
False
Does 3 divide 2239?
False
Is 42 a factor of 449?
False
Is 6 a factor of 3954?
True
Is 12191 a multiple of 257?
False
Is 25275 a multiple of 27?
False
Is 2160 a multiple of 40?
True
Does 10 divide 170?
True
Does 11 divide 6613?
False
Is 55 a factor of 23485?
True
Does 35 divide 6090?
True
Is 30 a factor of 13080?
True
Is 14643 a multiple of 78?
False
Is 10 a factor of 431?
False
Is 3198 a multiple of 5?
False
Is 11 a factor of 1672?
True
Is 19 a factor of 361?
True
Is 14 a factor of 2101?
False
Does 42 divide 6801?
False
Does 55 divide 2794?
False
Is 86 a factor of 1462?
True
Does 62 divide 453?
False
Does 29 divide 106376?
False
Is 11398 a multiple of 3?
False
Is 57 a factor of 741?
True
Does 17 divide 28914?
False
Does 17 divide 629?
True
Is 112 a factor of 12768?
True
Is 127 a multiple of 22?
False
Is 5 a factor of 330?
True
Is 1608 a multiple of 12?
True
Does 53 divide 28991?
True
Is 12450 a multiple of 15?
True
Does 19 divide 769?
False
Is 27 a factor of 851?
False
Is 8 a factor of 1377?
False
Is 53 a factor of 2120?
True
Is 4551 a multiple of 41?
True
Is 49 a factor of 2597?
True
Is 402 a multiple of 67?
True
Is 365 a multiple of 27?
False
Does 36 divide 1102?
False
Is 87 a factor of 670?
False
Does 9 divide 130?
False
Is 3549 a multiple of 13?
True
Does 7 divide 94?
False
Is 646 a multiple of 88?
False
Is 11 a factor of 18?
False
Is 121 a factor of 28677?
True
Is 47 a factor of 37313?
False
Is 370 a multiple of 9?
False
Is 95 a factor of 40945?
True
Is 28231 a multiple of 109?
True
Does 3 divide 149?
False
Does 24 divide 350?
False
Is 1572 a multiple of 49?
False
Does 8 divide 1512?
True
Is 66 a factor of 6534?
True
Is 2400 a multiple of 17?
False
Is 9339 a multiple of 11?
True
Is 7608 a multiple of 4?
True
Is 3 a factor of 198?
True
Does 81 divide 267?
False
Does 10 divide 1393?
False
Is 1942 a multiple of 3?
False
Is 222 a multiple of 37?
True
Does 55 divide 5115?
True
Is 8775 a multiple of 75?
True
Is 16 a factor of 592?
True
Is 1253 a multiple of 36?
False
Is 15334 a multiple of 41?
True
Does 75 divide 10650?
True
Does 23 divide 2506?
False
Is 19161 a multiple of 177?
False
Is 403 a factor of 63271?
True
Is 248 a multiple of 17?
False
Is 18 a factor of 6482?
False
Does 3 divide 2799?
True
Does 20 divide 980?
True
Is 12 a factor of 612?
True
Is 6348 a multiple of 138?
True
Is 702 a multiple of 13?
True
Is 90 a multiple of 18?
True
Is 28035 a multiple of 63?
True
Does 27 divide 50767?
False
Does 10 divide 1468?
False
Is 89 a factor of 11036?
True
Is 178 a multiple of 6?
False
Is 3374 a multiple of 13?
False
Does 17 divide 28356?
True
Does 3 divide 94?
False
Is 1017 a multiple of 8?
False
Is 17 a factor of 288?
False
Is 29722 a multiple of 98?
False
Is 1350 a multiple of 25?
True
Is 7641 a multiple of 7?
False
Is 68 even?
True
Is 5150 a multiple of 51?
False
Is 213 even?
False
Is 457 a multiple of 13?
False
Is 437 a multiple of 19?
True
Does 16 divide 13984?
True
Does 10 divide 111510?
True
Does 77 divide 2190?
False
Does 11 divide 626?
False
Is 1098 a multiple of 9?
True
Is 61 a factor of 13725?
True
Is 33 a factor of 19437?
True
Is 527 a multiple of 46?
False
Is 2610 a multiple of 15?
True
Is 1664 a multiple of 16?
True
Does 24 divide 9543?
False
Is 6 a factor of 692?
False
Does 18 divide 126?
True
Does 7 divide 3314?
False
Does 42 divide 1806?
True
Is 1566 a multiple of 6?
True
Does 10 divide 2600?
True
Does 24 divide 3990?
False
Is 48 a multiple of 4?
True
Is 24 a factor of 748?
False
Is 10 a factor of 20?
True
Is 1755 a multiple of 65?
True
Does 15 divide 23355?
True
Is 1709 a multiple of 12?
False
Is 2 a factor of 580?
True
Is 1066 a multiple of 28?
False
Is 834 a multiple of 2?
True
Is 8 a factor of 2900?
False
Is 6 a factor of 328?
False
Does 58 divide 21634?
True
Is 51357 a multiple of 159?
True
Does 10 divide 8628?
False
Does 22 divide 572?
True
Does 29 divide 406?
True
Is 4788 a multiple of 126?
True
Is 1144 a multiple of 8?
True
Does 8 divide 5374?
False
Does 25 divide 425?
True
Does 47 divide 423?
True
Is 44 a factor of 26329?
False
Is 1020 a multiple of 34?
True
Is 3626 a multiple of 37?
True
Is 15 a factor of 26235?
True
Is 1883 a multiple of 15?
False
Is 1559 a multiple of 34?
False
Is 416 a multiple of 3?
False
Is 31 a factor of 35289?
False
Does 5 divide 180?
True
Does 4 divide 1626?
False
Is 75 a factor of 2282?
False
Does 13 divide 247?
True
Is 45 a factor of 15345?
True
Is 54960 a multiple of 240?
True
Does 7 divide 952?
True
Is 13 a factor of 3718?
True
Is 497 a multiple of 7?
True
Is 63 a factor of 3012?
False
Is 1980 a multiple of 76?
False
Is 1947 a multiple of 59?
True
Is 1092 a multiple of 91?
True
Does 5 divide 55?
True
Is 13 a factor of 1950?
True
Does 4 divide 4580?
True
Does 55 divide 21450?
True
Does 27 divide 1215?
True
Does 11 divide 704?
True
Does 71 divide 12780?
True
Does 44 divide 134?
False
Is 17 a factor of 8381?
True
Is 20 a factor of 687?
False
Is 783 a multiple of 93?
False
Is 2144 a multiple of 134?
True
Does 5 divide 3105?
True
Does 33 divide 1395?
False
Does 9 divide 11282?
False
Is 68088 a multiple of 8?
True
Does 21 divide 1020?
False
Does 30 divide 7569?
False
Is 28 a factor of 95672?
False
Is 56 a factor of 8232?
True
Is 7 a factor of 10965?
False
Does 92 divide 52932?
False
Is 742 a multiple of 106?
True
Is 63 a factor of 1197?
True
Is 400 a multiple of 16?
True
Is 1771 a multiple of 11?
True
Does 30 divide 1523?
False
Is 135 even?
False
Does 6 divide 14201?
False
Is 28 a factor of 2831?
False
Does 18 divide 2153?
False
Does 14 divide 84?
True
Is 2 a factor of 37?
False
Does 244 divide 21960?
True
Is 25117 a multiple of 93?
False
Is 133 a factor of 259?
False
Does 8 divide 16549?
False
Does 372 divide 58321?
False
Is 20 a factor of 40?
True
Is 12 a factor of 4633?
False
Is 18194 a multiple of 11?
True
Does 56 divide 155092?
False
Is 54 a multiple of 27?
True
Is 12 a factor of 19778?
False
Does 64 divide 1018?
False
Does 9 divide 16985?
False
Is 56 a factor of 1064?
True
Is 1084 a multiple of 12?
False
Is 9 a factor of 15513?
False
Is 34 a factor of 13855?
False
Is 868 a multiple of 5?
False
Is 16 a factor of 6304?
True
Is 27 a factor of 432?
True
Is 495 a multiple of 13?
False
Is 19 a factor of 38?
True
Is 6090 a multiple of 42?
True
Does 9 divide 930?
False
Is 24 a multiple of 9?
False
Is 772 a multiple of 40?
False
Is 9 a factor of 7145?
False
Does 3 divide 657?
True
Is 8 a factor of 310?
False
Does 18 divide 2556?
True
Is 15 a factor of 120?
True
Does 8 divide 280?
True
Is 20 a factor of 360?
True
Is 560 a multiple of 9?
False
Is 3358 a multiple of 19?
False
Does 43 divide 7101?
False
Is 24 a factor of 114648?
True
Is 4 a factor of 17408?
True
Is 13 a factor of 6091?
False
Is 9 a factor of 360?
True
Does 10 divide 7932?
False
Is 72 a multiple of 4?
True
Is 110 a factor of 8470?
True
Is 225 a multiple of 36?
False
Is 531 a factor of 86553?
True
Is 9 a factor of 179?
False
Is 31 a factor of 2232?
True
Does 36 divide 23724?
True
Does 2 divide 127?
False
Is 44 a factor of 6776?
True
Is 42 a factor of 630?
True
Is 5862 a multiple of 27?
False
Is 644 a multiple of 7?
True
Does 6 divide 96?
True
Is 1743 a multiple of 64?
False
Does 12 divide 5316?
True
Is 165 a factor of 1155?
True
Is 12 a factor of 407?
False
Does 9 divide 367?
False
Is 55 a factor of 1375?
True
Is 8 a factor of 31056?
True
Is 36 a factor of 72?
True
Does 22 divide 88?
True
Is 1503 a multiple of 9?
True
Is 362 a multiple of 2?
True
Is 1870 a multiple of 34?
True
Is 2 a factor of 194?
True
Is 69 a factor of 46437?
True
Does 6 divide 52162?
False
Is 5 a factor of 948?
False
Does 34 divide 874?
False
Is 14 a factor of 15199?
False
Does 98 divide 1766?
False
Is 13827 a multiple of 33?
True
Is 23 a factor of 253